1100101110110
In base 11, what is -19402 - 282?
-19684
In base 3, what is -11 - 202220212210000100?
-202220212210000111
In base 12, what is -3169a68 + -72?
-3169b1a
In base 14, what is -b21 - -660?
-4a1
In base 16, what is -214 - 22812?
-22a26
In base 12, what is -39a73 - -a9?
-39986
In base 14, what is bdd25 + -4c?
bdcb7
In base 11, what is -2834a69 + -1?
-2834a6a
In base 9, what is 100152332 - -4?
100152336
In base 10, what is -1298 - 7436?
-8734
In base 7, what is 5560 + -44201?
-35311
In base 11, what is -1 - 27740234?
-27740235
In base 8, what is -1120 - 5720?
-7040
In base 5, what is -1220323140033 - -3?
-1220323140030
In base 14, what is -40c4b72 - 4?
-40c4b76
In base 7, what is -531 - -456040?
455206
In base 2, what is -101111000 - 101000001110111?
-101000111101111
In base 7, what is 1 + -25154340?
-25154336
In base 7, what is 64012 + -621?
63061
In base 10, what is 4111992 - -3?
4111995
In base 2, what is 11010010000111001100000111111 - 10?
11010010000111001100000111101
In base 9, what is 188717 + -22?
188685
In base 8, what is -2 + 1000446257?
1000446255
In base 13, what is 3b716 + 27?
3b740
In base 6, what is -332413 - 52100?
-424513
In base 15, what is -e - 12c4c9d?
-12c4cac
In base 5, what is -130 - -3122444?
3122314
In base 2, what is 101 + -10001000010011011111101?
-10001000010011011111000
In base 16, what is 398 + -d29?
-991
In base 3, what is 22201010 + -102001122?
-2100112
In base 4, what is 21222300 - -10121131?
32010031
In base 11, what is -706216 + 29?
-706198
In base 4, what is -122300233311221 + 0?
-122300233311221
In base 16, what is 1ad22 + 41?
1ad63
In base 2, what is 10111001111000001101100 - 100?
10111001111000001101000
In base 5, what is 13 - 1342304222?
-1342304204
In base 11, what is -22927 + -293?
-2310a
In base 3, what is 202022 - -112021221?
120001020
In base 14, what is -426 - -3a520?
3a0d8
In base 14, what is -134 - 1b4a07?
-1b4b3b
In base 8, what is 3501 - 410?
3071
In base 8, what is 40613035 - 25?
40613010
In base 13, what is 33b33 + -80?
33a83
In base 4, what is -1101 - -101222033?
101220332
In base 8, what is 6173646 - 1?
6173645
In base 16, what is -98d + 11a0a?
1107d
In base 15, what is -74e8d6 - -14?
-74e8c2
In base 6, what is 1235 - 10340042?
-10334403
In base 4, what is 12130232 - -2303232?
21100130
In base 11, what is -404516 - 9?
-404524
In base 15, what is 37c - -3968c?
39a19
In base 6, what is 11530122 + -350?
11525332
In base 7, what is -13 - -12316062?
12316046
In base 5, what is -11121 - -13121201?
13110030
In base 4, what is -1 + -1232223231032?
-1232223231033
In base 4, what is -3012201030020 - -31?
-3012201023323
In base 14, what is -73 + -81a487?
-81a51a
In base 16, what is 4 - -2ce06b?
2ce06f
In base 8, what is -54675 + -102?
-54777
In base 5, what is -11000021000 - -10?
-11000020440
In base 3, what is -1202 + -100022200222210?
-100022201001112
In base 2, what is 11101110101111000011 - 11010001?
11101110101011110010
In base 16, what is e760f2 - 2?
e760f0
In base 6, what is 45453 - 2342?
43111
In base 12, what is 1905a831 - -1?
1905a832
In base 7, what is -3 + -32025411?
-32025414
In base 10, what is 23 - 1988702?
-1988679
In base 11, what is -5 + -2014406?
-2014410
In base 2, what is -11111101111111010100110 - 11?
-11111101111111010101001
In base 9, what is 275 - 1242324?
-1242038
In base 6, what is -12 - -1545311154?
1545311142
In base 16, what is -7068e - 10?
-7069e
In base 11, what is -1166 - -12a93?
11928
In base 4, what is -3 - 110310210200?
-110310210203
In base 2, what is 101011101110000011101001 + 10?
101011101110000011101011
In base 7, what is 3403 + -1506?
1564
In base 16, what is 7356 + -62?
72f4
In base 7, what is -154236451 - 2?
-154236453
In base 5, what is 203442321032 - 34?
203442320443
In base 2, what is 1110101101010111010000011111 + 1?
1110101101010111010000100000
In base 9, what is 22 - -881848?
881871
In base 11, what is 1570 + 1641?
3101
In base 11, what is 142a2 + 15?
14307
In base 3, what is -22022 - -2010102012?
2010002220
In base 8, what is -12555361 - -4?
-12555355
In base 6, what is -344301 - -3203?
-341054
In base 4, what is 2 - -222110131102?
222110131110
In base 5, what is 333422301304 - 1?
333422301303
In base 10, what is 10048 - 36624?
-26576
In base 4, what is 103222232033 + 10?
103222232103
In base 15, what is -6a - -164676?
16460b
In base 8, what is -413747 + 0?
-413747
In base 16, what is -5f1 - d0bf?
-d6b0
In base 15, what is d - -8e853d?
8e854b
In base 5, what is -2 + 132144003?
132144001
In base 5, what is -104142 + 120211?
11014
In base 5, what is -102443133 - 11?
-102443144
In base 8, what is -15623 + 35570?
17745
In base 11, what is 5 - -3375545?
337554a
In base 14, what is 3a28 - 7906?
-3cbc
In base 5, what is 202120323414 - -3?
202120323422
In base 15, what is -962028 + 1?
-962027
In base 2, what is -101110100110000 - -110010010110?
-101000010011010
In base 16, what is -ac9566 + -1f?
-ac9585
In base 15, what is -2a2a1b9 - -5?
-2a2a1b4
In base 13, what is 44c523ab + 1?
44c523ac
In base 14, what is -8d0d8 + 21?
-8d0b7
In base 10, what is -584 + 11704?
11120
In base 12, what is -133a7 + b?
-13398
In base 16, what is -44 - 53432?
-53476
In base 14, what is 1482590 - 1?
148258d
In base 4, what is -22201033112 + 223?
-22201032223
In base 11, what is 1854a00a4 - -1?
1854a00a5
In base 9, what is 13757832 - 0?
13757832
In base 10, what is 1 - 1919096?
-1919095
In base 10, what is 93998156 + 5?
93998161
In base 8, what is -113677 + 27777?
-63700
In base 11, what is 22185 - -67?
22241
In base 11, what is 12 - -81448?
8145a
In base 11, what is -439845 + -a?
-439854
In base 12, what is -63 - 210071?
-210114
In base 12, what is -293ba482 - 5?
-293ba487
In base 7, what is -415416 + 435?
-414651
In base 10, what is -31 + 44873?
44842
In base 5, what is 404231331442 + -2?
404231331440
In base 4, what is -32200211 + -2200030?
-101000301
In base 13, what is 7 + -349623?
-349619
In base 15, what is -11de79 - 8?
-11de82
In base 9, what is -266283 - -4257?
-262025
In base 2, what is -110 + -10001001001101001010111?
-10001001001101001011101
In base 12, what is -43 + 20391?
2034a
In base 7, what is -4 - 1121503163?
-1121503200
In base 3, what is 0 - -20210212012222222?
20210212012222222
In base 9, what is -83746176 - 0?
-83746176
In base 14, what is 13 - 4247b?
-42468
In base 14, what is 4b19 + -124?
49d5
In base 9, what is 3 + -3653105?
-3653102
In base 11, what is -3 - 616263?
-616266
In base 12, what is 2 - 13a3729?
-13a3727
In base 3, what is -112012122 + -2001001101?
-2120021000
In base 7, what is -102661121 - 112?
-102661233
In base 15, what is -12cdc8 + -11d?
-12cee6
In base 2, what is 11010111010010100000011111 - -100?
11010111010010100000100011
In base 15, what is -17c4931 - -4?
-17c492c
In base 2, what is -10010000 + -11100100111001010?
-11100101001011010
In base 7, what is -3 + -3134514401?
-3134514404
In base 8, what is -32 - -20007632?
20007600
In base 12, what is 448 + 4a5b8?
4aa44
In base 9, what is -18345710 + 2?
-18345707
In base 4, what is 11 - 3213102221?
-3213102210
In base 15, what is -9a9 + -1ec?
-ba6
In base 14, what is -1a5 - 211d?
-22c4
In base 2, what is 110101010000011000 - -100110?
110101010000111110
In base 6, what is -334111020 + 2?
-334111014
In base 14, what is ac084d + -23?
ac082a
In base 8, what is 5 - -502700631?
502700636
In base 3, what is 11022201010 + 210020?
11100111100
In base 7, what is 221 + -114612?
-114361
In base 2, what is -1 + -110010100001101010111100101?
-110010100001101010111100110
In base 13, what is 40a - -12732?
12b3c
In base 7, what is -2 + -6504364?
-6504366
In base 13, what is b1563 - -1b?
b1581
In base 12, what is -74284 + 3b7?
-73a89
In base 6, what is 20131044 - 1105?
20125535
In base 5, what is -3211133 + -32?
-3211220
In base 11, what is -87a40a9 - 2?
-87a4100
In base 10, what is -1 + 13521680?
13521679
In base 10, what is 3762 + -600?
3162
In base 6, what is 5 + 1033355312?
1033355321
In base 16, what is -277 - 5439?
-56b0
In base 16, what is 19ffb + 5c?
1a057
In base 13, what is -79811 + 3a?
-797a4
In base 4, what is -1201113123122 - -202?
-1201113122320
In base 4, what is 1 + 121020313012?
121020313013
In base 6, what is -112353 + -4554?
-121351
In base 16, what is 5 - 2dd354?
-2dd34f
In base 16, 